+ 10. Let l be k(-10). Let s = -393 - -408. What is the tens digit of l/s*(-3)/(-12)*-75?
2
Suppose 4*d = -0*d + 2808. Suppose -63*p + 66*p - d = 0. What is the hundreds digit of p?
2
Suppose -2*m = 7*j - 3*j - 4, -5*m + 20 = 0. Let q be (-3 - j) + 0 + 1 + 3. What is the tens digit of (-5)/(55/(-25) - (q - 4))?
2
Let k = 80 + -319. Let m = -78 - 75. Let c = m - k. What is the tens digit of c?
8
Let t(s) = 35*s - 29. Let r be t(6). Let j = 277 - r. Suppose 79 = 5*p - j. What is the tens digit of p?
3
Suppose 0 = 11*z + 117168 - 281002. What is the ten thousands digit of z?
1
Let n(i) = 87*i + 99. Let a be (-7)/(-1) - (-2 - 20/(-4)). What is the units digit of n(a)?
7
Let j(z) = -3*z - 52. Let s be j(-19). Suppose -2*c - 2*c - 235 = -5*v, -s*c = -v + 47. What is the units digit of v?
7
Suppose -199*h + 142320 = -2663381. What is the tens digit of h?
9
Let b = -193 - -405. Suppose -2*p = 2*i - 5*i - b, -p + 4*i = -96. What is the hundreds digit of p?
1
Suppose 122*c - 638700 = 118432. What is the units digit of c?
6
Suppose -26*o = -28*o + 167*o - 1544400. What is the hundreds digit of o?
3
Let z(n) = -n**2 + 14*n + 18. Let v be z(14). Let r be (-7852)/v - 4/(-18). What is the units digit of 2 - 2*r/8?
1
Let z(w) = -w**2 + 17*w + 47. Let x be z(22). Suppose -p + 0 = 3, 4*q + 3*p = -473. Let l = x - q. What is the units digit of l?
3
Let f(s) = 132*s**2 + 7*s + 120. What is the tens digit of f(9)?
7
Let i = -9 + -98. Let w = i - -553. What is the units digit of w?
6
Let r(h) be the second derivative of 2*h**3/3 + 4*h**2 + 6*h. Let u be r(-11). Let j = u + 62. What is the tens digit of j?
2
Let x(z) = 295*z**2 - 11*z + 128. What is the units digit of x(11)?
2
Suppose 6566*l + 469 = 6573*l. Let c(v) = -7*v - 2. Let h be c(7). Let a = h + l. What is the tens digit of a?
1
Let n be 1272/5 + ((-24)/10 - -2). Suppose 2*r = 4*d + 1024, -5*d - n = -4*d - r. Let q = 465 + d. What is the tens digit of q?
0
Let i be -4 + (-4)/(8/(-6)). Let v(y) = -y. Let f(m) = 37*m + 6. Let n(q) = i*f(q) - 3*v(q). What is the units digit of n(-3)?
6
Suppose -3637 = -17*m + 17834. Suppose t - 5*h - m = -2*h, -2*t = 2*h - 2566. What is the thousands digit of t?
1
Let w(b) = b**2 - b. Let z(u) = 3*u**2 + 5*u - 3. Let c(q) = -4*w(q) + z(q). Let k be c(7). What is the units digit of 12*3*(k/3 + -3)?
4
What is the tens digit of -182570*6/(-12) - 4*(-5)/(-4)?
8
Suppose -5*p + 30857 + 5413 = 0. What is the thousands digit of p?
7
Let j(l) = 5*l + 40. Let f be j(-8). Suppose 2*x - w - 8 = 0, w = -f - 4. Suppose 0 = x*k - 10. What is the units digit of k?
5
Let z = -26 - -28. Let h be (-14)/112 - (z + (-34)/16). Suppose -240 = -h*n - 5*n. What is the tens digit of n?
4
Let r = 33 + -28. Suppose -r*j + 9 = -2*j. What is the units digit of ((-32)/j)/(9/(-54))?
4
Let k = 33169 - 8813. What is the ten thousands digit of k?
2
Suppose 2*v - 4*f - 3 = 13, v - 5*f = 20. Suppose v = a + 987 + 1512. What is the hundreds digit of 10/25 + a/(-15)?
1
Let d = -37409 + 66200. What is the units digit of d?
1
Let u(x) = 1904*x**2 + 204*x + 647. What is the units digit of u(-3)?
1
Suppose -35*c - 26055 - 12550 = 0. Let b = c - -1640. What is the tens digit of b?
3
Let j(q) = q - 11. Let c be j(15). Suppose r = a + 5, 56 - 22 = 2*r + c*a. What is the units digit of r?
9
Let r(y) = 12*y**2 - 43*y + 222. What is the units digit of r(-31)?
7
Let a(c) = 68*c**2 - 25*c + 994. What is the hundreds digit of a(26)?
3
Let o(t) = 50*t**2 - 4*t - 292. What is the hundreds digit of o(22)?
8
Let d be (-2 - (0 - 1))/(14/(-28)). Suppose 5*u = -w + 24, 4*u + u + d*w = 23. What is the tens digit of -3*(-34)/(u - 3)?
5
Suppose 0 = 9*j - 246563 - 253558. What is the units digit of j?
9
Let u(y) = 2*y**2 + 3*y + 17. Let h(g) = g + 9. Let r be h(0). Let v = 0 - r. What is the hundreds digit of u(v)?
1
Let o = 79 - 74. Suppose 3*h - h = o*w + 356, 3*h = 2*w + 534. What is the hundreds digit of h?
1
Let i(c) = c + 3. Let r be i(0). Suppose 3*q = -r*y + 153, -3*q - y = 3*y - 155. What is the units digit of q?
9
Let f(n) = 8*n**2 - 20*n + 12. Let q be f(8). Let g = 972 - q. What is the units digit of g?
8
Suppose 3*d - 38514 = 3*y, 0 = 3*d + 414*y - 411*y - 38508. What is the units digit of d?
7
Suppose -6*m = 3*w - 3*m + 111, 3*m = -4*w - 148. What is the tens digit of 132/30*-5*w/1?
1
Suppose -2*m - 3*v = -24676, 1079*m - 5*v = 1074*m + 61690. What is the ten thousands digit of m?
1
Suppose 3*l = 5*s - 23, 9*s = 4*s + l + 31. Let p(d) = d**3 - 5*d**2 + 5*d - 13. Let n(w) = w**2 - 2. Let z(t) = 3*n(t) - p(t). What is the tens digit of z(s)?
2
Let u(b) = -b**3 + 2*b**2 + b + 277. What is the thousands digit of u(-18)?
6
Let w(q) = -37*q + 152. Let d be -2 - -3 - 3*40/5. What is the units digit of w(d)?
3
Let i be (-2)/(-9) - 68/(-18). Suppose -3*q + 5 = -q - l, 3*q + 20 = -i*l. What is the units digit of (-1)/((3 + q)/(-147))?
9
Let n(c) = -10*c**3 - 2*c**2 + c - 10. Let v be n(3). Let j = -138 - v. What is the tens digit of j?
5
Let a be -2 - (-21)/3 - (-47 - -35). Suppose -9565 = -a*x + 6738. What is the hundreds digit of x?
9
Let s(y) = 2*y**3 + 154*y**2 - 181*y + 317. What is the tens digit of s(-78)?
6
Let i = 62 + -63. Let a be (-44)/4 + (-2)/i. What is the units digit of (3/a)/((-242)/(-81) - 3)?
7
Let x(w) = w**2 + 14*w + 10. Let d be x(-14). Let m be 6/(-10) + 1290/25. Suppose m = c - d. What is the tens digit of c?
6
Suppose -5 - 4 = -4*b - 5*r, 0 = 4*b - 2*r - 2. Let t be b*(56/42)/(2/3). Suppose v + g = 93, 0 = -v - t*g + 78 + 16. What is the units digit of v?
2
Let l(b) = 3 + 7 - 12*b + 6*b**2 + 0*b**2. Suppose 591*n - 16 = 589*n. What is the tens digit of l(n)?
9
Suppose 0 = -42*p + 33*p + 3816. Suppose 0 = -2*k + p + 504. What is the hundreds digit of k?
4
Suppose -w = -j - 1, 0*w - 4*w + 2*j = -10. Suppose w*r + 1 = 9. Suppose o + 270 = 3*k - r*o, 2*o = -3*k + 280. What is the tens digit of k?
9
Let h = 12142 - 10465. What is the tens digit of h?
7
Suppose -4*c = -2*i - 18, -5*i - 27 = 2*c - 3*c. Suppose -c*q - 2 = 2. What is the tens digit of (q - -1)/((-2)/30)?
1
What is the hundreds digit of ((-53)/(-7) - -1)*(-3)/60*-490?
2
Let t = 9579 + -6285. Let k = -1942 + t. What is the tens digit of k?
5
Let h = -36142 - -71694. What is the hundreds digit of h?
5
What is the tens digit of 41639/7 + 170/(-119)?
4
Let t(z) = 79*z - 1297. What is the thousands digit of t(33)?
1
Let r(g) = 1766*g**2 + 13*g + 20 + 13 - 1765*g**2. Let u be r(-10). Suppose -49 + 151 = u*i. What is the tens digit of i?
3
Let f = -1490 + 2164. Suppose v - f = -v. What is the tens digit of v?
3
Let t = 15 - 38. Let m(i) = i**3 + 24*i**2 + 21*i - 39. Let l be m(t). What is the units digit of 26/2 - (7 - l)?
3
Let i(j) = -j + 14. Let o be i(16). What is the tens digit of ((-213)/o)/(3/14)?
9
Suppose 82*d + 14329 = 4*a + 79*d, -5*a - 3*d = -17918. What is the units digit of a?
3
Suppose 11*q = 25*q + 8862. Let g = q - -1039. What is the units digit of g?
6
Let q = -169 + 299. Let m be 3 + (-57)/21 + q/(-14). What is the units digit of (-2)/9 - 1*983/m?
9
What is the hundreds digit of ((-13)/(-4) - 3)*((20326 - -2) + -12)?
0
Let v = 191 + -191. Let i(t) = -4*t + 544. What is the hundreds digit of i(v)?
5
Suppose -6*m = 2*m - 40. What is the hundreds digit of ((m - -1)/(-2))/(21/(-7294))?
0
Let v = -778 + 1388. What is the hundreds digit of -6 + 10 + -4 + v?
6
Let i be (-50)/(-8) + -6 + 97/(-4). Let v be (-13)/(-1 + i/(-26)). Suppose -2*a + 152 = -4*p, -5*a - 2*p + v = -163. What is the units digit of a?
8
Suppose -430*u + 435*u - 7385 = 4*x, 1477 = u - 5*x. What is the units digit of u?
7
Let w = -789 - -792. Suppose 4*s - 2*q - 4448 = 0, s - w*q = -3*s + 4448. What is the hundreds digit of s?
1
Let n = -51816 + 73544. What is the thousands digit of n?
1
Suppose 5*x - r - 59320 = 0, -5*x + 38544 = 2*r - 20761. What is the hundreds digit of x?
8
Let w be 1074/(-4) + (-5)/(-10). Let m = 192 - w. Suppose -6*p = -p - m. What is the tens digit of p?
9
Suppose -2*h - 3*f = 2*f - 34, -3*h = 5*f - 41. Let v(a) = a**3 - 3*a**2 + 0 - 16*a - 3 + 0. What is the tens digit of v(h)?
8
Let u be (2 + (-1)/2)/((-27)/(-36)). Suppose -35 = -u*x - 3*x. Suppose 294 = 9*m - x*m. What is the tens digit of m?
4
Suppose 6*y = 4*y + 6. Suppose y*u + 4*u = -0*u. Suppos